is o(-38)?
-90
Let r(w) = -2*w**3 + 17*w**2 - 15095*w + 135911. Calculate r(9).
-25
Let p(b) = -380985*b + 32383753. What is p(85)?
28
Let f(w) = -1118*w + 18493. What is f(16)?
605
Let n(h) = 13*h**3 - 1348*h**2 - 417*h + 358. Determine n(104).
254
Let p(n) = n**3 - 23*n**2 - 4790*n + 105864. Determine p(22).
0
Let f(s) = 5*s**2 + 159*s + 1085. Give f(-22).
7
Let f(u) = -4*u**2 + 149*u + 59. Calculate f(11).
1214
Let x(q) = q**3 + 34*q**2 - 114*q + 21. Give x(3).
12
Let l(h) = 19*h**3 - 257*h**2 - 187*h + 867. Give l(14).
13
Let q(j) = -96*j - 865. Determine q(-12).
287
Let i(a) = a**3 - 472*a + 93. Give i(-22).
-171
Let c(b) = -7*b**2 + 359*b + 511. Give c(54).
-515
Let v(d) = -747*d - 4384. Calculate v(-6).
98
Let w(h) = 2*h**3 - 313*h**2 + 113*h + 6598. Determine w(156).
-110
Let i(c) = -3622*c - 1611792. Give i(-445).
-2
Let j(g) = 4945*g - 261. Give j(0).
-261
Let y(b) = b**3 + 79*b**2 - 31*b + 3814. Determine y(-80).
-106
Let j(r) = r**3 - 40*r**2 + 133*r - 152. Calculate j(35).
-1622
Let s(j) = -6*j**2 - 25309*j + 304569. Calculate s(12).
-3
Let a(o) = o**3 + 2*o**2 - 32*o - 272. Calculate a(0).
-272
Let v(g) = -4*g**3 + 22*g**2 + 899*g - 5322. What is v(6)?
0
Let k(l) = -14417*l - 43181. Give k(-3).
70
Let h(u) = 29*u**2 - 58*u - 40. Determine h(-5).
975
Let k(n) = n**2 + 186923*n - 1308516. Give k(7).
-6
Let o(w) = 938*w + 991. Determine o(0).
991
Let j(r) = -r**3 - 44*r**2 - 3906*r - 166057. Calculate j(-43).
52
Let h(x) = -1608*x + 8032. What is h(5)?
-8
Let f(a) = -24467*a - 978685. Calculate f(-40).
-5
Let l(o) = -4*o**2 + 399*o - 4242. Determine l(12).
-30
Let s(p) = -331*p - 7255. Give s(-23).
358
Let y(i) = 4506*i + 180254. Give y(-40).
14
Let u(y) = -2605*y - 54683. Determine u(-21).
22
Let s(d) = -1861*d + 1921. Determine s(1).
60
Let s(g) = -6*g**2 - 567*g - 9428. Determine s(-19).
-821
Let d(o) = 618*o**2 + 1079*o - 321. Give d(-2).
-7
Let y(u) = -2*u**2 + 2461*u - 621601. Determine y(355).
4
Let u(h) = h**2 + 1658*h + 34316. Determine u(-21).
-61
Let g(b) = 2120*b + 38084. Give g(-18).
-76
Let w(b) = -b**2 - 41*b - 7. Calculate w(-12).
341
Let q(x) = -6*x**2 - 5229*x + 131708. Determine q(-896).
-4
Let d(f) = -79*f**2 - 1334*f - 5122. What is d(-11)?
-7
Let q(f) = -18*f**3 - 26*f**2 - 40*f + 18. What is q(-4)?
914
Let d(v) = 1735*v - 744506. Determine d(429).
-191
Let u(b) = 5*b**2 - 1110*b - 8078. Determine u(229).
-63
Let r(p) = -2*p**2 - 860*p + 49045. Give r(-481).
-17
Let f(v) = v**2 - 5018*v - 75481. Determine f(-15).
14
Let f(d) = -4*d**3 + 11*d**2 + 214*d + 91. Determine f(9).
-8
Let v(q) = -57614*q + 287920. Give v(5).
-150
Let r(i) = -i**2 - 201*i - 5528. What is r(-156)?
1492
Let p(w) = 2*w**3 - 102*w**2 + 9*w - 1023. Calculate p(51).
-564
Let x(p) = -875*p - 47138. Determine x(-54).
112
Let s(k) = 774*k - 41553. Calculate s(53).
-531
Let a(r) = -62*r**3 + 2997*r**2 - 1007*r - 60. Calculate a(48).
-12
Let y(h) = -h**2 + 72*h - 366. Determine y(36).
930
Let h(s) = 17*s**3 - 32*s**2 + 125*s - 263. Calculate h(2).
-5
Let d(x) = 2*x**3 + 154*x**2 + 2911*x + 281. Determine d(-44).
-27
Let d(h) = -2*h**2 + 1391*h + 190130. Determine d(-117).
5
Let c(t) = -2*t**2 - 3387*t + 47800. Calculate c(14).
-10
Let i(n) = -1593*n - 198562. Calculate i(-124).
-1030
Let c(p) = -17*p**3 - 209*p**2 - 92*p - 416. What is c(-12)?
-32
Let z(b) = 18*b**2 + 13240*b - 39887. Calculate z(3).
-5
Let u(k) = -2831*k - 50905. What is u(-18)?
53
Let h(f) = 14*f**2 + 10775*f + 74680. What is h(-7)?
-59
Let o(u) = 182099*u + 546296. Determine o(-3).
-1
Let m(g) = -879*g - 81671. Give m(-93).
76
Let h(f) = -1296*f + 14136. Determine h(11).
-120
Let l(f) = -559*f**2 + 58723*f - 2946. What is l(105)?
-6
Let l(f) = -241350*f + 5068355. Determine l(21).
5
Let m(f) = -2*f**2 + 133*f + 3374. Calculate m(86).
20
Let h(v) = 2*v**2 - 1538*v + 16799. Determine h(11).
123
Let f(w) = 51547*w - 8350596. Give f(162).
18
Let n(i) = i**3 - 83*i**2 + 1040*i - 1467. Calculate n(68).
-107
Let y(h) = -298*h**2 - 1768*h - 1383. Calculate y(-5).
7
Let r(b) = -316*b - 5079. Calculate r(-11).
-1603
Let t(w) = 2*w**3 - 6*w**2 + 1425*w + 1430. Give t(-1).
-3
Let n(d) = 1077*d**2 - 468*d - 613. Give n(1).
-4
Let g(b) = 976*b - 395185. Give g(405).
95
Let b(i) = 268*i**2 + 22*i - 7. Determine b(-1).
239
Let k(x) = 34*x**3 + 23*x**2 - 56*x + 26. What is k(3)?
983
Let g(a) = -1829*a - 693147. What is g(-379)?
44
Let c(n) = -79*n**2 - 281*n + 8003. Give c(-12).
-1
Let s(i) = -787*i - 1599. Calculate s(-2).
-25
Let w(f) = 83049*f - 5. What is w(0)?
-5
Let g(f) = 5*f**3 - 265*f**2 - 12*f - 458. What is g(53)?
-1094
Let h(s) = 2*s**3 + 1022*s**2 - 7147*s + 54393. Determine h(-518).
3
Let y(p) = 2*p**2 + 3531*p - 75099. Calculate y(21).
-66
Let o(z) = z**3 + 25*z**2 - 1778*z + 15484. Give o(23).
-18
Let r(c) = -c**3 + 1016*c**2 + 2642*c + 422889. What is r(1019)?
4
Let z(g) = -4*g**3 + 894*g**2 + 447*g + 397. Determine z(224).
173
Let g(x) = x**3 + 96*x**2 - 526*x + 94. Calculate g(5).
-11
Let r(z) = z**3 - 261*z**2 - 106*z + 27704. Determine r(261).
38
Let g(l) = 5*l**3 + 63*l**2 - 215*l - 15. Determine g(3).
42
Let s(w) = -w**3 + 10*w**2 + 42*w - 132. What is s(12)?
84
Let s(q) = -86*q - 3379. Calculate s(-25).
-1229
Let k(t) = -65*t**2 + 890*t - 26. Determine k(14).
-306
Let h(t) = 2*t**3 - 600*t**2 - 3051*t + 300. Calculate h(305).
-5
Let j(h) = -4859*h - 38765. Determine j(-8).
107
Let k(n) = 509654*n + 10702734. Calculate k(-21).
0
Let w(u) = -2*u**2 + 242*u + 1689. What is w(0)?
1689
Let l(o) = -2*o**2 - 14555*o - 58216. Give l(-4).
-28
Let g(k) = -60111*k + 300627. Give g(5).
72
Let m(s) = 15301*s + 443754. Determine m(-29).
25
Let v(j) = 40033*j + 1120921. What is v(-28)?
-3
Let j(f) = 2883*f - 588226. Give j(204).
-94
Let r(g) = 45999*g - 183980. What is r(4)?
16
Let k(i) = 2*i**3 - 4*i**2 - 14*i - 91. Calculate k(-4).
-227
Let b(s) = s**3 + 296*s**2 - 5320*s - 109. Determine b(-313).
-422
Let t(s) = -17*s**3 - 3*s**2 - 2048*s - 6149. Calculate t(-3).
427
Let m(z) = 2*z**3 + 78*z**2 - 659*z + 4372. Give m(-47).
1
Let o(q) = q**3 + 8*q**2 - 544*q - 2655. Determine o(22).
-103
Let u(y) = -493*y**2 + 12*y + 3. Calculate u(2).
-1945
Let h(a) = 113*a - 2797. What is h(39)?
1610
Let a(s) = 13*s**3 - 30*s**2 - 343*s + 700. Give a(2).
-2
Let t(c) = -8719*c + 950389. Give t(109).
18
Let d(j) = j**3 - 245*j**2 + 8525*j - 2. Calculate d(42).
-44
Let k(w) = -2*w**3 - 136*w**2 - 2*w + 555. Determine k(-68).
691
Let h(o) = -17*o**2 - 30482*o - 989119. Determine h(-1760).
1
Let g(m) = -56861*m + 56891. Give g(1).
30
Let f(h) = 993*h + 7899. Determine f(-8).
-45
Let g(h) = -h**3 - 22*h**2 + 119*h + 2143. Determine g(-23).
-65
Let t(f) = 2431*f + 54719. Give t(-23).
-1194
Let m(i) = 913*i - 690. Give m(0).
-690
Let d(c) = -2*c**2 + 991*c + 125961. Give d(-105).
-144
Let b(h) = 4067*h + 248090. What is b(-61)?
3
Let z(x) = 104*x**2 - 68*x + 64. Determine z(1).
100
Let q(w) = w**3 + 25*w**2 - 488*w - 8527. Give q(-17).
2081
Let a(h) = 13*h**2 + 17*h + 57. Give a(4).
333
Let i(h) = 179*h**3 + 2147*h**2 - 26*h - 169. Determine i(-12).
-1
Let x(h) = 753*h - 97959. Give x(130).
-69
Let f(z) = 5*z**2 - 629*z - 10596. Give f(-16).
748
Let x(r) = 70*r**3 - 4*r**2 + 149*r - 144. Give x(1).
71
Let w(a) = 245*a + 28623. What is w(-113)?
938
Let c(m) = 6818*m + 893051. What is c(-131)?
-107
Let v(o) = -o**3 - 4*o**2 - 333*o - 2469. What is v(-7)?
9
Let f(v) = -1238*v + 72764. Determine f(59).
-278
Let h(n) = 938*n**2 - 5604*n + 31. Give h(6).
175
Let d(h) = 2425*h + 12202. What is d(-5)?
77
Let u(s) = 990*s + 369276. What is u(-373)?
6
Let d(a) = a**3 - 35*a**2 - 196*a - 1727. What is d(41)?
323
Let q(p) = -9*p**2 - 3237*p + 3228. Calculate q(1).
-18
Let a(h) = -4423*h + 1503812. Give a(340).
-8
Let r(y) = -47*y**2 - 21*y + 96. Give r(5).
-1184
Let k(x) = 10168*x - 782936. What is k(77)?
0
Let o(x) = -x**3 - 82*x**2 + 236*x - 26. Calculate o(-85).
1589
Let r(m) = 8*m**3 + 88*m**2 + 111*m + 38. Calculate r(-1).
7
Let v(d) = -76*d**2 - 103*d - 250. What is v(-2)?
-348
Let d(u) = u**3 + 24*u**2 - 216*u - 84. What is d(-31)?
-115
Let g(n) = -4*n**2 + 211*n - 851. What is g(5)?
104
Let q(b) = -34*b**3 + b**2 - 177*b + 658. Determine q(4).
-2210
Let b(z) = -218*z**3 + 6097*z**2 + 187*z + 246. Give b(2